on divisor of 7198 and 4182569?
59
What is the highest common divisor of 20561 and 502681?
709
What is the greatest common factor of 43571 and 2427161?
2563
Calculate the highest common divisor of 1080 and 5280360.
120
What is the greatest common factor of 148575 and 15225?
525
What is the greatest common divisor of 325 and 1912157?
13
What is the greatest common divisor of 26286 and 1478756?
674
Calculate the highest common factor of 378 and 12383658.
378
Calculate the greatest common divisor of 1604621010 and 60.
30
What is the greatest common factor of 22656 and 10430256?
2832
What is the greatest common divisor of 34 and 434333119?
17
Calculate the highest common divisor of 273132504 and 72.
72
What is the greatest common divisor of 486 and 3152984292?
486
What is the greatest common divisor of 317603 and 4543?
11
Calculate the greatest common factor of 46701945 and 180.
45
What is the highest common factor of 1646 and 16843518?
1646
What is the highest common divisor of 74 and 3080398?
74
What is the greatest common divisor of 3632794 and 3355?
671
Calculate the greatest common divisor of 114219 and 3423.
21
What is the highest common divisor of 74481141 and 105?
21
Calculate the greatest common factor of 149856 and 21631.
223
Calculate the greatest common divisor of 109725 and 57627.
57
What is the highest common factor of 8 and 104195?
1
What is the highest common divisor of 40737 and 595641?
1101
What is the highest common divisor of 4161506 and 1239?
59
Calculate the highest common divisor of 13 and 290226157.
13
What is the greatest common divisor of 4928 and 653653?
77
Calculate the highest common factor of 112 and 48202.
14
Calculate the greatest common divisor of 34887448 and 888.
296
Calculate the highest common factor of 439619 and 25549.
881
Calculate the highest common factor of 265438608 and 48.
48
What is the highest common factor of 7377439 and 646?
17
Calculate the greatest common factor of 29354622 and 264.
66
What is the greatest common factor of 4880 and 1182211720?
2440
What is the highest common factor of 1370 and 1562865175?
685
What is the greatest common factor of 67047506 and 49474?
1706
What is the greatest common divisor of 62894 and 5018?
26
What is the greatest common divisor of 1459378 and 74?
2
What is the greatest common factor of 859643 and 2869?
151
What is the greatest common divisor of 67744 and 166148?
292
Calculate the highest common factor of 62279115 and 3.
3
What is the highest common factor of 2951 and 3513960?
227
What is the greatest common divisor of 21700608 and 240?
48
Calculate the highest common divisor of 1575662 and 3553.
187
Calculate the highest common divisor of 316950 and 942.
6
What is the greatest common divisor of 43863483 and 387?
129
Calculate the greatest common divisor of 150 and 191836110.
30
What is the greatest common divisor of 226093731 and 3204?
267
Calculate the greatest common factor of 34489 and 582127.
91
What is the highest common factor of 535388 and 215586?
14
What is the greatest common divisor of 2370 and 4831166?
158
Calculate the highest common divisor of 2309762 and 3263.
13
Calculate the greatest common divisor of 710 and 20222575.
355
Calculate the highest common divisor of 342366 and 444018.
258
What is the greatest common divisor of 948 and 18370818?
474
What is the highest common divisor of 639368144 and 16?
16
Calculate the greatest common factor of 5078560 and 140.
20
Calculate the highest common divisor of 2253630 and 68886.
258
Calculate the greatest common factor of 2142358 and 2231.
23
Calculate the greatest common factor of 211 and 82171840.
211
Calculate the greatest common divisor of 318 and 371871956.
106
Calculate the highest common factor of 28653347 and 17.
17
Calculate the highest common divisor of 602933562 and 2178.
2178
What is the greatest common divisor of 216 and 18699372?
36
What is the greatest common divisor of 832174 and 28?
14
Calculate the highest common divisor of 84 and 9940371.
21
Calculate the highest common factor of 124 and 28680332.
124
What is the greatest common divisor of 7952669 and 89503?
2183
Calculate the greatest common factor of 2205 and 30628710.
315
Calculate the greatest common divisor of 28 and 1043765926.
14
Calculate the greatest common divisor of 10252 and 425612.
44
Calculate the highest common divisor of 790 and 1057178.
158
What is the greatest common divisor of 44 and 10472792?
44
Calculate the highest common factor of 624 and 5374044.
156
Calculate the highest common divisor of 89857 and 1422482.
1523
Calculate the greatest common divisor of 40645424 and 48.
16
Calculate the highest common factor of 1271 and 499011.
41
Calculate the greatest common divisor of 136 and 382555352.
136
What is the highest common divisor of 34836877 and 61147?
1301
Calculate the greatest common divisor of 3654 and 992322.
522
What is the greatest common factor of 121189474 and 1988?
994
What is the greatest common divisor of 2654529 and 16809?
1293
What is the highest common factor of 785 and 66457315?
785
Calculate the greatest common divisor of 1952348 and 204.
68
What is the highest common divisor of 15374656 and 880?
176
Calculate the greatest common divisor of 1901557 and 49.
7
What is the greatest common factor of 18634 and 1701?
7
What is the highest common factor of 16744956 and 42?
6
What is the highest common divisor of 3060 and 2846412?
612
What is the highest common factor of 104 and 25102168?
104
Calculate the highest common factor of 408 and 4010232.
408
What is the greatest common divisor of 540 and 2278220?
20
Calculate the greatest common divisor of 37993261 and 755.
151
What is the highest common factor of 821591 and 27029?
151
What is the greatest common factor of 23673416 and 312?
104
What is the greatest common factor of 4262400 and 696?
24
Calculate the greatest common divisor of 20635 and 2785.
5
What is the greatest common divisor of 11206 and 183898?
26
What is the highest common divisor of 14829927 and 417459?
4053
What is the greatest common divisor of 19551 and 1585983?
147
What is the greatest common divisor of 17155 and 400040?
365
What is the greatest common divisor of 988 and 8452492?
76
Calculate the highest common factor of 221525 and 3.
1
What is the highest common divisor of 12 and 5329517964?
12
What is the greatest common factor of 7815154 and 632?
158
Calculate the greatest common factor of 377256 and 93984.
264
What is the highest common factor of 25471 and 718?
1
What is the greatest common factor of 144 and 310369806?
18
What is the greatest common factor of 2536081834 and 286?
286
What is the highest common factor of 20538148 and 3636?
404
What is the highest common factor of 4512 and 37468588?
188
What is the highest common factor of 525778 and 2816?
22
Calculate the highest common divisor of 2074130 and 1305035.
1055
Calculate the highest common factor of 419071 and 8533.
53
Calculate the highest common factor of 375416161 and 277.
277
What is the greatest common factor of 6605802 and 81949?
3563
Calculate the highest common divisor of 1429136 and 428884.
716
What is the greatest common divisor of 411 and 1300408247?
137
What is the greatest common divisor of 63 and 24924951?
9
Calculate the highest common factor of 136644 and 37512.
12
What is the highest common factor of 171008 and 136272?
2672
Calculate the greatest common divisor of 553 and 16807.
7
What is the greatest common factor of 1755 and 4814823?
39
Calculate the greatest common factor of 1024 and 5700912.
16
What is the greatest common divisor of 74526818 and 4132?
2066
What is the greatest common divisor of 55977 and 1441904?
397
What is the greatest common factor of 1404 and 191217?
39
What is the greatest common divisor of 1713 and 180321229?
571
What is the greatest common factor of 41423514 and 64416?
4026
Calculate the highest common divisor of 526999 and 121440.
253
Calculate the highest common divisor of 26119016 and 1232.
616
Calculate the greatest common factor of 10773981 and 2988.
747
Calculate the greatest common factor of 2512 and 95336052.
628
What is the greatest common factor of 68432482 and 19554?
6518
What is the highest common divisor of 255207372 and 70?
14
What is the highest common factor 